{"id":3941,"date":"2025-03-14T10:25:25","date_gmt":"2025-03-14T09:25:25","guid":{"rendered":"https:\/\/cegeca.umh.es\/?page_id=3941"},"modified":"2025-07-08T09:19:54","modified_gmt":"2025-07-08T07:19:54","slug":"preinscripcion-masteres-oficiales","status":"publish","type":"page","link":"https:\/\/cegeca.umh.es\/ca\/novedades\/preinscripcion-masteres-oficiales\/","title":{"rendered":"<span lang=\"es\">(Espa\u00f1ol) Preinscripci\u00f3n M\u00e1steres oficiales<\/span>"},"content":{"rendered":"<p class=\"qtranxs-available-languages-message qtranxs-available-languages-message-ca\">Ho sentim, aquesta entrada es troba disponible \u00fanicament en <a href=\"https:\/\/cegeca.umh.es\/es\/wp-json\/wp\/v2\/pages\/3941\" class=\"qtranxs-available-language-link qtranxs-available-language-link-es\" title=\"Espa\u00f1ol\">Espanyol Europeu<\/a>.<\/p>","protected":false},"excerpt":{"rendered":"<p>Ho sentim, aquesta entrada es troba disponible \u00fanicament en Espanyol Europeu.<\/p>\n","protected":false},"author":1089,"featured_media":0,"parent":212,"menu_order":0,"comment_status":"closed","ping_status":"closed","template":"","meta":{"ngg_post_thumbnail":0,"_links_to":"","_links_to_target":""},"_links":{"self":[{"href":"https:\/\/cegeca.umh.es\/ca\/wp-json\/wp\/v2\/pages\/3941"}],"collection":[{"href":"https:\/\/cegeca.umh.es\/ca\/wp-json\/wp\/v2\/pages"}],"about":[{"href":"https:\/\/cegeca.umh.es\/ca\/wp-json\/wp\/v2\/types\/page"}],"author":[{"embeddable":true,"href":"https:\/\/cegeca.umh.es\/ca\/wp-json\/wp\/v2\/users\/1089"}],"replies":[{"embeddable":true,"href":"https:\/\/cegeca.umh.es\/ca\/wp-json\/wp\/v2\/comments?post=3941"}],"version-history":[{"count":0,"href":"https:\/\/cegeca.umh.es\/ca\/wp-json\/wp\/v2\/pages\/3941\/revisions"}],"up":[{"embeddable":true,"href":"https:\/\/cegeca.umh.es\/ca\/wp-json\/wp\/v2\/pages\/212"}],"wp:attachment":[{"href":"https:\/\/cegeca.umh.es\/ca\/wp-json\/wp\/v2\/media?parent=3941"}],"curies":[{"name":"wp","href":"https:\/\/api.w.org\/{rel}","templated":true}]}}

<span lang="es">(Español) Preinscripción Másteres oficiales</span>

<p class="qtranxs-available-languages-message qtranxs-available-languages-message-ca">Ho sentim, aquesta entrada es troba disponible únicament en <a href="https://cegeca.umh.es/es/wp-json/wp/v2/pages/3941" class="qtranxs-available-language-link qtranxs-available-language-link-es" title="Español">Espanyol Europeu</a>.</p>

<p>Ho sentim, aquesta entrada es troba disponible únicament en Espanyol Europeu.</p>
